2 - d + 8. Calculate h(f).
-3
Let u(z) = z**3 - 2*z**2 - 5*z - 2. Let f = 324 + -320. Determine u(f).
10
Let v(s) be the second derivative of -1/3*s**4 - s**2 - 1/2*s**3 + 0 - 3/20*s**5 - 41*s. Give v(-2).
12
Let p(n) = n**2 + 25*n + 18. Suppose 2*g + 63 = 148*m - 151*m, m - 115 = 5*g. What is p(g)?
-6
Let i(z) = z**3 + 3*z**2 + z - 3. Let s = 41 + -44. Give i(s).
-6
Let c(v) = -5*v - 6 + 14 - 6. What is c(7)?
-33
Let s(t) = 10*t**2 - 16*t - 6. Let a(u) = 7*u**2 - 11*u - 4. Let v(x) = 7*a(x) - 5*s(x). Let h = 1 + -3. Let f be (-3)/h + 1/2. Give v(f).
4
Let f(l) = -4*l - 15. Suppose 13*p - 24 = 17*p. What is f(p)?
9
Let t(x) = 2 + 3*x - 2. Suppose 35 - 98 = b. Let z = -62 - b. Determine t(z).
3
Let p(l) be the first derivative of l**4/12 + 2*l**3/3 - 2*l**2 - 9*l - 2. Let b(m) be the first derivative of p(m). Give b(-4).
-4
Let t(n) = n**2 - 3*n - 2. Let v(b) = -b - 7. Let q = -37 - -28. Let f be v(q). Calculate t(f).
-4
Suppose -13*h = -b - 8*h, -b - 3*h + 16 = 0. Let c(p) = -p + 15. Determine c(b).
5
Let h(l) be the third derivative of 15*l**4/8 - l**3/6 + 3*l**2 - 15*l. Give h(-1).
-46
Let q(o) = 6*o**3 - 7*o**2 - 3*o - 2. Let p(r) = -5*r**3 + 6*r**2 + 2*r + 2. Let c(n) = -5*p(n) - 4*q(n). Give c(3).
13
Let r(g) = 9*g - 53. Let b(d) = -8*d + 45. Let o(z) = 6*b(z) + 5*r(z). Give o(0).
5
Let m(y) = 7*y**3 - 10*y**2 - 37*y - 34. Let d(p) = -10*p**3 + 17*p**2 + 55*p + 51. Let a(r) = 5*d(r) + 7*m(r). Determine a(16).
17
Let z(n) be the first derivative of -n**3/3 - 9*n**2/2 - 3*n - 118. Calculate z(-8).
5
Suppose 4*s + 4 = -2*g, -3*s - 1 = 2*g + 2. Let j(i) = -4*i**2 + g*i**2 - i**3 + 5*i**2 - 1 + 2*i**2. Let n = 3 + -1. Give j(n).
3
Let i(o) = -71*o - 70*o - o**3 - 13 + 141*o - 10*o**2. What is i(-10)?
-13
Suppose -5*n + 4*y = -23, 10*y + 9 = 13*y. Let q = 14 + -7. Let u(a) = 4*a**2 - 2*a**2 + 4*a**2 + q*a - a**3 - 3. Calculate u(n).
-3
Let c(v) = 7*v + 2827 - 6*v - 2828. What is c(2)?
1
Let c(v) = v**2 - 4*v - 7. Let h be (0 - 4)/4 - -7. Suppose 5*n + 10 = 5*m, h*m - m - 10 = n. Suppose 2*x - 2*f + f - 10 = n, -4*x = 5*f - 34. Give c(x).
5
Let n(y) = -15*y + 178. Let r be n(12). Let x(q) = 2*q**3 + 3*q**2 + 2*q - 1. Calculate x(r).
-9
Let q(d) = -2*d**2 + 4*d + 1. Suppose 10 + 6 = 4*t. Let b(h) = -2*h**2 + 5*h + 1. Let a(y) = t*b(y) - 5*q(y). Calculate a(2).
7
Let h(c) = 3*c + 7. Suppose -5 = -4*x - r, 3*x + 6 - 1 = r. Suppose x*j = j - g + 9, -5*g = -3*j - 33. Give h(j).
-11
Let k(x) = -x**3 + x - 1. Let n = 177 - 117. Let z be 52/n + 10/75. Calculate k(z).
-1
Let a(m) be the third derivative of m**4/24 + 11*m**3/6 + 2*m**2 + 12*m. Calculate a(-12).
-1
Let d(j) = j**2 - 7*j + 6. Suppose 2*o + o - 150 = 0. Suppose -3*w + 2 = u - w, -5*u + 5*w - o = 0. Let q be 39/9 - u/9. Give d(q).
-4
Suppose -k = 2 - 0, -14 = -5*f - 3*k. Suppose -c + f = 3*c. Let m(u) = 5*u - 1. Calculate m(c).
4
Let z be (-1)/(-2) + 12/8. Let q(o) = -2*o**3 + 6*o**2 - 6*o**z - 9*o + 2 + 11*o. Calculate q(-2).
14
Let d(w) be the second derivative of -w**3/6 - 3*w**2 + 62*w. Calculate d(-4).
-2
Let a(f) = -f**2 + 20*f - 105. Let b be a(8). Let y(l) = -l**3 - 9*l**2 + l - 9. What is y(b)?
-18
Let x(a) = a**2 + 2*a - 11. Suppose -17*h + 13*h - 11 = -3*n, 3*h + n + 18 = 0. Calculate x(h).
4
Let q(o) = -29*o + 22. Let i(w) = -16*w + 12. Let b(l) = 11*i(l) - 6*q(l). Give b(0).
0
Suppose 5 = b + w, b - 9 = 3*w - 12. Let t(s) = -3*s + 4. Determine t(b).
-5
Let p(y) = 5*y**2 - y - y**3 + 0*y + 0*y + 7. Let f(m) = m**2 + m - 1. Let q be f(-3). Determine p(q).
2
Let v be ((-8)/(-14)*3)/((-4)/(-28)). Let c(t) = -t**3 + 12*t**2 + 3*t - 17. Calculate c(v).
19
Let d(k) = -k**2 + 17*k - 21. Let y be d(16). Let f be y/((-60)/(-39)) - 3/(-12). Let o(v) = -v**3 - 4*v**2 - 4*v - 2. What is o(f)?
1
Let r(i) = i**2 - 3*i - 5. Let m = 126 + -130. Determine r(m).
23
Let s(d) = -d**3 + d. Let c = 5 + -8. Let a = c + 3. Suppose a*p - 4*p = 0. Calculate s(p).
0
Let w(y) = -y + 4. Let p be w(3). Let f(l) = l + 1. Let g(r) = -1. Suppose 0*k = k - 6. Let z(j) = k*g(j) + p*f(j). Give z(0).
-5
Let l(p) be the third derivative of -p**6/120 + p**5/4 - 5*p**4/8 + 13*p**3/6 - 44*p**2 - 2. Calculate l(14).
-1
Let l(f) = 4*f - 8. Let k(x) = -x**3 + 5*x**2 + 31*x - 52. Let o be k(8). Calculate l(o).
8
Let w(u) = -3*u - 2. Let l(q) = 5*q**2 - 2*q - 5. Let z be l(3). Let j = -37 + z. Give w(j).
7
Let b be (-6)/9 + (-66)/(-18). Suppose -b*a = -u - 5, 4*a = -5*u - 6 - 0. Let r(c) = 3*c - 1. Calculate r(a).
2
Let t(a) = -a**3 - 8*a**2 + 7*a - 16. Let g be t(-9). Suppose 0 = 4*v - w + 31, 0*v - 6 = v - g*w. Let q(d) = -d**2 - 10*d - 11. Calculate q(v).
5
Let u(k) = -k**3 + 7*k**2 - 8*k. Suppose 10 = 4*q - 18. Suppose 0 = -11*z + q*z + 24. What is u(z)?
-12
Let p(l) = l**3 - l + 12. Let y = -21 - -23. Let j be y + 2*(8 - 3). Let v be 4/j + 1/(-3). Calculate p(v).
12
Let q be (-58)/(-18) - (-16)/(-72). Let s = 7 - q. Suppose -25 = d + s*d. Let k(c) = c**3 + 6*c**2 + 7*c + 2. What is k(d)?
-8
Let v(m) = 8*m**3 + 8*m**2 - m + 11. Let y(r) = -12*r**3 - 13*r**2 + 2*r - 17. Let b(g) = 8*v(g) + 5*y(g). What is b(-1)?
-4
Let y(x) = 4*x**3 + x**2 + 5*x + 9. Let j(i) = 5*i**3 + 2*i**2 + 6*i + 10. Let p(s) = -5*j(s) + 6*y(s). Calculate p(-4).
4
Let z(t) = -19*t**2 + 24*t - 30. Let s(n) = -7*n**2 + 8*n - 10. Let b(v) = 11*s(v) - 4*z(v). What is b(-9)?
1
Suppose 3*b - t - 16 = 0, -6*b + 40 = -b + 5*t. Suppose -4*a = -4*p + 28, 3*p + 4*a + 14 = -0*p. Let d(c) = c - 2*c - p - c + c. Calculate d(b).
-8
Suppose -3*g - 12*h = -17*h + 10, 0 = -4*g - 3*h + 6. Let n(s) = s**3 - s - 5. Calculate n(g).
-5
Let r(t) be the third derivative of t**6/120 + t**5/30 + t**4/8 + t**3/3 - 370*t**2. What is r(-3)?
-16
Let x(m) be the third derivative of m**5/60 - m**3/2 + 50*m**2. Let h = -4 - -4. Determine x(h).
-3
Let g(a) = 11*a**3 + a - 1. Let z be g(1). Let i be (-11 + z)/(1 + 1). Let l(u) = -7*u - u**2 + i*u**2 - 2*u. Give l(-8).
8
Let y(j) = -6*j**2 + j**3 - 8*j - 3*j**3 - 5 + 2*j**3 - j**3. Suppose -12*f + 10 = -14*f. Determine y(f).
10
Let k = -8 + 3. Let y(d) = -d**2 + 22*d + 2. Let c be y(22). Let z(a) = a**3 + c*a**3 - 3*a**3 + 4 + a**3 + 6*a**2 + 8*a. Give z(k).
-11
Let f = -40 - -46. Suppose f = -b + 1. Let t(w) = -w. What is t(b)?
5
Suppose -38 + 33 = -i. Let j(m) = -m + 9. Determine j(i).
4
Let k(g) = -g**2 + 13*g + 14. Suppose 3*p - 6 = 0, 5*y - 7*y + 30 = p. Calculate k(y).
0
Suppose -40 = 14*c - 4*c. Let a be (2 - (-2 + 20/4)) + c. Let u(m) = -m**3 - 7*m**2 - 7*m - 1. Calculate u(a).
-16
Let z = 51 - 42. Let h(n) = 9*n + 1. Let l(k) = -2*k - 5*k + 2*k + 3 - 4. Let i(w) = -4*h(w) - 7*l(w). Calculate i(z).
-6
Suppose -9*q = -6*q - 42. Let l(r) = r**2 - 15*r + 7. What is l(q)?
-7
Let o(t) be the first derivative of 7/2*t**2 + 8 - 1/3*t**3 + 4*t. Determine o(7).
4
Let i(j) = j**2 + 7*j + 3. Suppose 0*y - 28 = 4*y. Let m = 1 - 0. Let c = y + m. What is i(c)?
-3
Suppose 20*n - 36*n - 32 = 0. Let g(q) = 7*q - 2. What is g(n)?
-16
Let n(d) = -2*d - 10. Let y(q) = 2*q**2 + 12*q + 16. Let w be y(-2). Calculate n(w).
-10
Let q(o) = -o**3 - o + 5. Let a = -273 + 273. Give q(a).
5
Let i(o) = o**2 - 6*o + 4. Let r be 9/(-6)*((-33)/(-9) + -1). Let z be r/5*15/(-3). Give i(z).
-4
Let j be ((-6)/8)/((-2)/16). Suppose 4*y = y + j. Let g(s) = y - s - 1 + 0. Give g(-5).
6
Let p(g) be the third derivative of -7*g**4/24 + g**3/6 - 2*g**2. Let b be -1*(-23 + 1)/1. Let k = 23 - b. Determine p(k).
-6
Let b(k) be the third derivative of 0*k**3 - 7*k**2 - 1/60*k**5 - 1/12*k**4 + 0*k + 0. Give b(-5).
-15
Let l(x) = x**2 - 23*x + 28. Let d be l(12). Let w = 104 + d. Let c(b) be the first derivative of -b**3/3 - b**2/2 + 10*b - 1. Calculate c(w).
10
Let s(l) be the first derivative of -1 + 1/60*l**5 + 1/8*l**4 + 0*l + 0*l**2 - 4/3*l**3. Let z(f) be the third derivative of s(f). Give z(-5).
-7
Let b = -45 + 21. Let m = b - -26. Let d(q) = 1 - m + q - 2 - 7. Determine d(7).
-3
Let n = 43 + -31. Suppose -v = -3*o + 5 + 1, -v - 3*o = -n. Let a be 2/v*(-13 + 16). Let t(f) = 2*f**3 - 2*f**2 - f - 2. Calculate t(a).
4
Let i(g) = 19*g**3 + 22*g**3 - 10*g + 2*g**2 + 28*g**3 + 11*g**2 - 70*g**3 - 29. Calculate i(12).
-5
Let q = -1 - -3. Let m(u) = 1 + 1 + 2*u + q. Let i be -8 - ((6 - 2) + -7). Give m(i).
-6
Suppose -3*t - 17 = -4*p, 3 = 2*t + t. Let g be -3 + (2/10 - (-